 + 11*w**5/60 - w**4/24 + 9*w**3/2 + 15*w**2. List the prime factors of b(8).
211
Let r(f) = 2*f + 2*f**2 + 5 + 8*f**2 + f**3 - f**2. Let n be r(-8). Suppose 47 = z + 2*d, -4*z = 2*d - n - 123. What are the prime factors of z?
43
Let u be ((-524)/(-16))/(1/(-4)). Let n be 4/8 - u/2. Suppose 5*k - 2*k - n = 0. List the prime factors of k.
2, 11
Let v(g) = 13*g - 1. Let d(p) = 19*p - 2. Let m(k) = 5*d(k) - 7*v(k). Suppose 54 = 4*j - 2*t, -4*j + 8*j + 5*t - 75 = 0. What are the prime factors of m(j)?
3, 19
Suppose -2*c + 2 = 0, 0 = 4*g - 4*c - 2 - 6. Let t = 30 + -30. Suppose g*n + n - 8 = t. List the prime factors of n.
2
Suppose -5*k = -4*d - 97, -3*k - 3*d + 4*d + 54 = 0. Let s = -12 + k. Suppose -5*i - 10 = 0, -s*a - 2*i + 169 = i. What are the prime factors of a?
5, 7
Suppose 6*g = 4501 - 139. What are the prime factors of g?
727
Suppose 4*z = -305 + 1. Let s = -33 - z. List the prime factors of s.
43
Suppose -4*s = -3*c - 17701, -11*s + c = -12*s + 4427. List the prime factors of s.
2, 2213
Let j = -1323 - -1971. List the prime factors of j.
2, 3
Let x(l) = 3*l**2 + 10*l + 7. Let a(p) = -p**3 - 11*p**2 - 9*p + 3. Let s be a(-10). Let c be x(s). Suppose -j - c = -5*j. List the prime factors of j.
3, 7
Let a(y) be the second derivative of y**5/20 - 5*y**4/12 - 5*y**3/6 - 5*y**2/2 - 3*y. Let s be a(6). Let p = s + 8. List the prime factors of p.
3
Let d(r) = -r**2 - 91*r - 341. List the prime factors of d(-45).
7, 13, 19
Let t(m) = 131*m + 145. List the prime factors of t(8).
1193
Suppose 2*w = 0, -21*w - 2372 = -4*o - 17*w. List the prime factors of o.
593
Suppose -3*u = -2*s - 19, -3*s - u - 3 = -2. List the prime factors of (-15 + -9)*(s + -11).
2, 3, 13
Let k(c) = -84*c - 251. List the prime factors of k(-7).
337
Let u be 10/15 - ((-284)/6)/1. List the prime factors of ((-1456)/u)/((-1)/3).
7, 13
Let a = 1473 - 1086. List the prime factors of a.
3, 43
List the prime factors of (42/15)/(1/180) + 0.
2, 3, 7
Suppose 5455 = -8*p + 20583. List the prime factors of p.
31, 61
Let o(a) be the first derivative of 2*a**3/3 + a**2 - 2*a - 115. Suppose -5*w - 4*n - n + 20 = 0, 2*w = 5*n + 8. What are the prime factors of o(w)?
2, 19
Let p = 30 - 25. Suppose 0 = -3*a - q + 9, -3*q - 14 = -3*a - p. Suppose 5*k - 3*m = -0*m + 24, 4*k = -3*m + a. List the prime factors of k.
3
Let u(b) = -b**3 + 5. Let g be u(0). Suppose 5*f - 4*j = 403, 3*j - g*j = -2*f + 162. What are the prime factors of f?
79
Let u(a) = 18*a + 636. What are the prime factors of u(0)?
2, 3, 53
Suppose g = 4*w - 68, 4*w - 80 = -2*g - 0*g. Let a be 78/w - (-2)/3. Suppose 2*t + 3*d - 10 = 0, -d - 36 - 6 = -a*t. What are the prime factors of t?
2
Let p be (12/(-10))/((-2)/5). Let u(o) = -o**3 + 2*o**2 + 4*o - 4. Let l be u(p). What are the prime factors of l - (-4)/4 - -27?
3
List the prime factors of ((-12033)/(-35))/(30/100).
2, 3, 191
Let c = 543 - -294. What are the prime factors of c?
3, 31
Let n = 18 + 44. Suppose 238 = 2*s + n. What are the prime factors of s?
2, 11
Suppose 6*v = 306 - 96. Suppose -5*r + 260 = -v. What are the prime factors of r?
59
Suppose 0 = 5*o - 7*o - 5*y + 303, 591 = 4*o + 5*y. What are the prime factors of o?
2, 3
Let f(c) be the first derivative of c**6/120 - c**5/120 + c**4/12 + 5*c**3/3 - 1. Let y(v) be the third derivative of f(v). What are the prime factors of y(3)?
2, 13
Suppose 0 = -41*g - 3194 + 35953. What are the prime factors of g?
17, 47
Let u(n) = -3*n**2 + 4*n + 8. Let l be u(5). Let z = 99 + l. List the prime factors of z.
2, 13
Suppose 2*p - 224 = -4*a, -4*p - 279 = -5*a - 7*p. What are the prime factors of a?
3, 19
Suppose 0 = 47*p - 44*p - 219. What are the prime factors of p?
73
Let f(k) = 12*k**2 - k**3 + 1 + 10 - 16*k**2. List the prime factors of f(-6).
83
Suppose 0 = 2*k + 3*d - 1417, -5*d + 47 = k - 672. What are the prime factors of k?
2, 11
Let g(h) = 4*h - 2. Let f be g(3). Let j = 10 - f. Suppose 2 = x + b, 2*b = x - j*x - 2. List the prime factors of x.
2
Suppose -8 = -5*n + 12. Suppose -p - i = n*p - 60, 0 = -3*p + 4*i + 36. Suppose 4*r + 2*t - p = 0, 2*r + 4*t + 4 = r. List the prime factors of r.
2
Suppose 117 - 1911 = -2*t. What are the prime factors of t?
3, 13, 23
Let c(t) = -t**2 + 15*t - 8. Let j be (18/(-8))/((-42)/(-560)). Let r = -16 - j. What are the prime factors of c(r)?
2, 3
Let h = -43 + 26. Let k(m) = -m**3 + 3*m**2 + 3. Let r be k(4). Let u = r - h. What are the prime factors of u?
2
Let m(q) = q**3 + 18*q**2 + 16*q - 22. Let h be m(-17). Let t(w) = -w**3 - 6*w**2 - 8*w - 5. Let u be t(-5). Let c = u + h. List the prime factors of c.
5
Let k(b) = 116*b + 125. List the prime factors of k(10).
5, 257
Suppose -5*l = 2*a - 459 - 50, 5*l = 2*a + 521. Suppose y + l = 301. What are the prime factors of y?
2, 3, 11
Suppose 2*x - 1232 + 334 = 3*n, -4*x + 1814 = 3*n. List the prime factors of x/9 - 2/9.
2, 5
Suppose 0 = 4*n + 5*u - 227, -3*u = 2*n + 3*n - 300. Let f = 43 + n. List the prime factors of f.
2, 53
Let f(k) = -4*k - 10. Let m be f(-8). Suppose 2*h - m = 3*i + 22, 0 = 5*i - 4*h + 74. List the prime factors of (i + 8)*(-2)/4.
3
Suppose 0 = d + 9 - 5. Let h be 0*(d/1 - -3). Suppose h = 5*u - 193 + 48. List the prime factors of u.
29
Suppose 6*y = 446 + 304. Let n = 307 - y. List the prime factors of n.
2, 7, 13
What are the prime factors of 2749/7 - 76/(-266)?
3, 131
Suppose 46*r - 41*r = 15. Suppose -r*n + 77 = 4*n. What are the prime factors of n?
11
Suppose -2*k + 59 = -139. What are the prime factors of k*4*1/3?
2, 3, 11
What are the prime factors of 21410/20 + 56/(-16)?
11, 97
List the prime factors of (-6)/4 + (-21)/(-14) - -1055.
5, 211
List the prime factors of 1671 - -6 - 21/(-3).
2, 421
Suppose -2*z + 3080 = 6*z. What are the prime factors of z?
5, 7, 11
What are the prime factors of (-1)/(-5) + (-357445)/(-275)?
2, 5, 13
Let o = -11 + 13. Let q(t) = -30*t - 2 + 1 - 2 + o. List the prime factors of q(-1).
29
Suppose -2*a + 24 = 12. Suppose -128 = -a*q + 454. List the prime factors of q.
97
Let q(j) = -j**3 + 6*j - j - 4*j + 20 - 4*j. Let m be 2 - (5 + -1) - (-4 + 2). What are the prime factors of q(m)?
2, 5
Let h = -69 + 71. Suppose h = 2*g, 5*g = 5*s - 418 + 98. What are the prime factors of s?
5, 13
Suppose 0 = -14*u + 15058 + 3282. What are the prime factors of u?
2, 5, 131
Let z be (-68292)/135 + (-4)/30. List the prime factors of z/(-5) - (42/(-30))/(-7).
101
Let n = -3 - -585. List the prime factors of n.
2, 3, 97
Suppose 395 = -5*u - 2*d, 3*d - 10 = d. Let o = -36 - u. What are the prime factors of o?
3, 5
Let a = 172 - 166. Suppose -322 = -b - a*i + 3*i, 4*b = 2*i + 1330. List the prime factors of b.
331
Let c = 1272 + -749. List the prime factors of c.
523
Let n be (-5 - -2) + 8 + -3. List the prime factors of n/(-8) + 715/44.
2
Suppose -5*a + 4*y = -2241, -2*y + 6*y = -2*a + 874. List the prime factors of a.
5, 89
Let m(b) = b**3 + b + 4. Let w be m(0). Let r be ((-6)/w)/(6/(-8)). Suppose r*n = -2*i - 3*i + 139, -4*i + 113 = n. What are the prime factors of i?
29
Let v = -32 + 18. Let t = -11 - v. Suppose -98 = -t*g + 10. List the prime factors of g.
2, 3
Let s be 84/10 - (-4)/(-10). Let k be 6/s + 30/24. Suppose y - 44 = -k*d, 2*d - 73 = -d - 5*y. What are the prime factors of d?
3, 7
Let z(a) be the second derivative of -a**4/4 + 19*a**3/6 - 10*a. Let k be z(6). Suppose 0*s + k*s = 330. List the prime factors of s.
5, 11
Let t be (63/24)/(-7) - (-13)/(-8). What are the prime factors of ((-2)/(-5))/((t/1130)/(-1))?
2, 113
Let l(y) = 14 + 18 + 13 - 51 + 8*y. List the prime factors of l(6).
2, 3, 7
Let k = 66 + -54. List the prime factors of (1/(-2))/(k/(-3096)).
3, 43
Let a be ((-1)/(-2))/((-872)/(-96) - 9). Suppose 0*o - 1674 = -a*o. List the prime factors of o.
3, 31
Let c = -34 + 39. Suppose i - 115 = 4*v, 3*i = c*i - 2*v - 218. List the prime factors of i.
107
Let u(k) = 9*k + k**2 + 14 - 2*k**2 + 6 - 10. Let j(p) = 8*p**2 + 2*p - 1. Let h be j(1). What are the prime factors of u(h)?
2, 5
Suppose -4*w - 2*o + 3194 = -7*o, 0 = w + o - 794. What are the prime factors of w?
2, 199
Suppose -71 + 41 = -6*j. List the prime factors of ((-258)/(-120) - (-3)/j)*4.
11
Let p(u) = -u**3 + 14*u**2 + u - 2. Let r be p(6). Suppose -3*m - m = -r. List the prime factors of m.
73
Suppose -2*t + 0*t + 47